{"id":1032,"date":"2023-08-14T20:46:00","date_gmt":"2023-08-14T18:46:00","guid":{"rendered":"http:\/\/grundschule-rothenstein.de\/?post_type=tribe_events&#038;p=1032"},"modified":"2023-08-14T20:47:13","modified_gmt":"2023-08-14T18:47:13","slug":"zuckertuetenabgabe","status":"publish","type":"tribe_events","link":"http:\/\/grundschule-rothenstein.de\/?tribe_events=zuckertuetenabgabe","title":{"rendered":"Zuckert\u00fctenabgabe"},"content":{"rendered":"<p>Bitte die Zuckert\u00fcten schon am Freitag in der Schule abgeben, damit am Samstag der Zuckert\u00fctenbaum bereit ist.<\/p>\n<p>Sie k\u00f6nnen auch schon vorher im Hort abgegeben werden.<\/p>\n","protected":false},"excerpt":{"rendered":"<p>Bitte die Zuckert\u00fcten schon am Freitag in der Schule abgeben, damit am Samstag der Zuckert\u00fctenbaum bereit ist. Sie k\u00f6nnen auch schon vorher im Hort abgegeben werden.<\/p>\n","protected":false},"author":4,"featured_media":0,"template":"","meta":{"_tribe_events_status":"","_tribe_events_status_reason":"","footnotes":""},"tags":[],"tribe_events_cat":[],"class_list":["post-1032","tribe_events","type-tribe_events","status-publish","hentry"],"jetpack_sharing_enabled":true,"_links":{"self":[{"href":"http:\/\/grundschule-rothenstein.de\/index.php?rest_route=\/wp\/v2\/tribe_events\/1032","targetHints":{"allow":["GET"]}}],"collection":[{"href":"http:\/\/grundschule-rothenstein.de\/index.php?rest_route=\/wp\/v2\/tribe_events"}],"about":[{"href":"http:\/\/grundschule-rothenstein.de\/index.php?rest_route=\/wp\/v2\/types\/tribe_events"}],"author":[{"embeddable":true,"href":"http:\/\/grundschule-rothenstein.de\/index.php?rest_route=\/wp\/v2\/users\/4"}],"version-history":[{"count":1,"href":"http:\/\/grundschule-rothenstein.de\/index.php?rest_route=\/wp\/v2\/tribe_events\/1032\/revisions"}],"predecessor-version":[{"id":1033,"href":"http:\/\/grundschule-rothenstein.de\/index.php?rest_route=\/wp\/v2\/tribe_events\/1032\/revisions\/1033"}],"wp:attachment":[{"href":"http:\/\/grundschule-rothenstein.de\/index.php?rest_route=%2Fwp%2Fv2%2Fmedia&parent=1032"}],"wp:term":[{"taxonomy":"post_tag","embeddable":true,"href":"http:\/\/grundschule-rothenstein.de\/index.php?rest_route=%2Fwp%2Fv2%2Ftags&post=1032"},{"taxonomy":"tribe_events_cat","embeddable":true,"href":"http:\/\/grundschule-rothenstein.de\/index.php?rest_route=%2Fwp%2Fv2%2Ftribe_events_cat&post=1032"}],"curies":[{"name":"wp","href":"https:\/\/api.w.org\/{rel}","templated":true}]}}

Zuckertütenabgabe

<p>Bitte die Zuckertüten schon am Freitag in der Schule abgeben, damit am Samstag der Zuckertütenbaum bereit ist.</p>
<p>Sie können auch schon vorher im Hort abgegeben werden.</p>

<p>Bitte die Zuckertüten schon am Freitag in der Schule abgeben, damit am Samstag der Zuckertütenbaum bereit ist. Sie können auch schon vorher im Hort abgegeben werden.</p>
