{"id":495,"date":"2022-04-27T21:30:16","date_gmt":"2022-04-27T19:30:16","guid":{"rendered":"http:\/\/grundschule-rothenstein.de\/?post_type=tribe_events&#038;p=495"},"modified":"2022-04-27T21:30:16","modified_gmt":"2022-04-27T19:30:16","slug":"kindertag-im-hort","status":"publish","type":"tribe_events","link":"http:\/\/grundschule-rothenstein.de\/?tribe_events=kindertag-im-hort","title":{"rendered":"Kindertag im Hort"},"content":{"rendered":"<p>Es w\u00e4re sch\u00f6n, wenn an diesem Tag m\u00f6glichst viele Kinder im Hort sein k\u00f6nnen.<\/p>\n","protected":false},"excerpt":{"rendered":"<p>Es w\u00e4re sch\u00f6n, wenn an diesem Tag m\u00f6glichst viele Kinder im Hort sein k\u00f6nnen.<\/p>\n","protected":false},"author":4,"featured_media":0,"template":"","meta":{"_tribe_events_status":"","_tribe_events_status_reason":"","footnotes":""},"tags":[],"tribe_events_cat":[6,10],"class_list":["post-495","tribe_events","type-tribe_events","status-publish","hentry","tribe_events_cat-termine","tribe_events_cat-termine-der-kinder","cat_termine","cat_termine-der-kinder"],"jetpack_sharing_enabled":true,"_links":{"self":[{"href":"http:\/\/grundschule-rothenstein.de\/index.php?rest_route=\/wp\/v2\/tribe_events\/495","targetHints":{"allow":["GET"]}}],"collection":[{"href":"http:\/\/grundschule-rothenstein.de\/index.php?rest_route=\/wp\/v2\/tribe_events"}],"about":[{"href":"http:\/\/grundschule-rothenstein.de\/index.php?rest_route=\/wp\/v2\/types\/tribe_events"}],"author":[{"embeddable":true,"href":"http:\/\/grundschule-rothenstein.de\/index.php?rest_route=\/wp\/v2\/users\/4"}],"version-history":[{"count":1,"href":"http:\/\/grundschule-rothenstein.de\/index.php?rest_route=\/wp\/v2\/tribe_events\/495\/revisions"}],"predecessor-version":[{"id":496,"href":"http:\/\/grundschule-rothenstein.de\/index.php?rest_route=\/wp\/v2\/tribe_events\/495\/revisions\/496"}],"wp:attachment":[{"href":"http:\/\/grundschule-rothenstein.de\/index.php?rest_route=%2Fwp%2Fv2%2Fmedia&parent=495"}],"wp:term":[{"taxonomy":"post_tag","embeddable":true,"href":"http:\/\/grundschule-rothenstein.de\/index.php?rest_route=%2Fwp%2Fv2%2Ftags&post=495"},{"taxonomy":"tribe_events_cat","embeddable":true,"href":"http:\/\/grundschule-rothenstein.de\/index.php?rest_route=%2Fwp%2Fv2%2Ftribe_events_cat&post=495"}],"curies":[{"name":"wp","href":"https:\/\/api.w.org\/{rel}","templated":true}]}}

<p>Es wäre schön, wenn an diesem Tag möglichst viele Kinder im Hort sein können.</p>
