{"id":942,"date":"2023-03-24T05:11:12","date_gmt":"2023-03-24T04:11:12","guid":{"rendered":"http:\/\/grundschule-rothenstein.de\/?post_type=tribe_events&#038;p=942"},"modified":"2023-03-24T05:12:44","modified_gmt":"2023-03-24T04:12:44","slug":"einladung-zum-elternabend-der-zukuenftigen-erstklaessler","status":"publish","type":"tribe_events","link":"http:\/\/grundschule-rothenstein.de\/?tribe_events=einladung-zum-elternabend-der-zukuenftigen-erstklaessler","title":{"rendered":"Einladung zum Elternabend der zuk\u00fcnftigen Erstkl\u00e4ssler"},"content":{"rendered":"<p>Liebe Eltern,<br \/>\nbald ist es soweit: Ihr Kind kommt in die Schule. Deshalb laden wir Sie herzlich zum<br \/>\nersten Elternabend f\u00fcr die zuk\u00fcnftigen Erstkl\u00e4ssler ein.<\/p>\n<p><strong>Wann<\/strong>: 09.05.2023, 18.00 Uhr<br \/>\n<strong>Wo<\/strong>: Haus 2 oben (hinteres Haus)<br \/>\n<strong>Was<\/strong>: 1. Organisatorisches<\/p>\n<p>2. Erste Informationen (Materialien, Schulalltag, Schuleinf\u00fchrung)<br \/>\n3. Fragen der Eltern<br \/>\nWir freuen uns auf Ihr Kommen.<\/p>\n","protected":false},"excerpt":{"rendered":"<p>Liebe Eltern, bald ist es soweit: Ihr Kind kommt in die Schule. Deshalb laden wir Sie herzlich zum ersten Elternabend f\u00fcr die zuk\u00fcnftigen Erstkl\u00e4ssler ein. Wann: 09.05.2023, 18.00 Uhr Wo: [&hellip;]<\/p>\n","protected":false},"author":4,"featured_media":0,"template":"","meta":{"_tribe_events_status":"","_tribe_events_status_reason":"","footnotes":""},"tags":[],"tribe_events_cat":[],"class_list":["post-942","tribe_events","type-tribe_events","status-publish","hentry"],"jetpack_sharing_enabled":true,"_links":{"self":[{"href":"http:\/\/grundschule-rothenstein.de\/index.php?rest_route=\/wp\/v2\/tribe_events\/942","targetHints":{"allow":["GET"]}}],"collection":[{"href":"http:\/\/grundschule-rothenstein.de\/index.php?rest_route=\/wp\/v2\/tribe_events"}],"about":[{"href":"http:\/\/grundschule-rothenstein.de\/index.php?rest_route=\/wp\/v2\/types\/tribe_events"}],"author":[{"embeddable":true,"href":"http:\/\/grundschule-rothenstein.de\/index.php?rest_route=\/wp\/v2\/users\/4"}],"version-history":[{"count":2,"href":"http:\/\/grundschule-rothenstein.de\/index.php?rest_route=\/wp\/v2\/tribe_events\/942\/revisions"}],"predecessor-version":[{"id":955,"href":"http:\/\/grundschule-rothenstein.de\/index.php?rest_route=\/wp\/v2\/tribe_events\/942\/revisions\/955"}],"wp:attachment":[{"href":"http:\/\/grundschule-rothenstein.de\/index.php?rest_route=%2Fwp%2Fv2%2Fmedia&parent=942"}],"wp:term":[{"taxonomy":"post_tag","embeddable":true,"href":"http:\/\/grundschule-rothenstein.de\/index.php?rest_route=%2Fwp%2Fv2%2Ftags&post=942"},{"taxonomy":"tribe_events_cat","embeddable":true,"href":"http:\/\/grundschule-rothenstein.de\/index.php?rest_route=%2Fwp%2Fv2%2Ftribe_events_cat&post=942"}],"curies":[{"name":"wp","href":"https:\/\/api.w.org\/{rel}","templated":true}]}}

Einladung zum Elternabend der zukünftigen Erstklässler

<p>Liebe Eltern,<br />
bald ist es soweit: Ihr Kind kommt in die Schule. Deshalb laden wir Sie herzlich zum<br />
ersten Elternabend für die zukünftigen Erstklässler ein.</p>
<p><strong>Wann</strong>: 09.05.2023, 18.00 Uhr<br />
<strong>Wo</strong>: Haus 2 oben (hinteres Haus)<br />
<strong>Was</strong>: 1. Organisatorisches</p>
<p>2. Erste Informationen (Materialien, Schulalltag, Schuleinführung)<br />
3. Fragen der Eltern<br />
Wir freuen uns auf Ihr Kommen.</p>

<p>Liebe Eltern, bald ist es soweit: Ihr Kind kommt in die Schule. Deshalb laden wir Sie herzlich zum ersten Elternabend für die zukünftigen Erstklässler ein. Wann: 09.05.2023, 18.00 Uhr Wo: [&hellip;]</p>
