{"id":944,"date":"2023-03-24T05:15:15","date_gmt":"2023-03-24T04:15:15","guid":{"rendered":"http:\/\/grundschule-rothenstein.de\/?post_type=tribe_events&#038;p=944"},"modified":"2023-03-24T05:22:06","modified_gmt":"2023-03-24T04:22:06","slug":"schnupperstunde-fuer-die-kinder-der-kindergaerten-rothenstein-und-grosspuerschuetz","status":"publish","type":"tribe_events","link":"http:\/\/grundschule-rothenstein.de\/?tribe_events=schnupperstunde-fuer-die-kinder-der-kindergaerten-rothenstein-und-grosspuerschuetz","title":{"rendered":"Schnupperstunde f\u00fcr die Kinder der Kinderg\u00e4rten Rothenstein und  Gro\u00dfp\u00fcrsch\u00fctz"},"content":{"rendered":"<p>Sollte Ihr Kind keinen der\u00a0 Kinderg\u00e4rten in Rothenstein, Gro\u00dfp\u00fcschitz oder Altendorf besuchen, kann es gern<br \/>\nzu einem der beiden Termine dazu kommen. Melden Sie sich in diesem Fall einfach<br \/>\nvorher per Mail bei uns.<\/p>\n","protected":false},"excerpt":{"rendered":"<p>Sollte Ihr Kind keinen der\u00a0 Kinderg\u00e4rten in Rothenstein, Gro\u00dfp\u00fcschitz oder Altendorf besuchen, kann es gern zu einem der beiden Termine dazu kommen. Melden Sie sich in diesem Fall einfach vorher [&hellip;]<\/p>\n","protected":false},"author":4,"featured_media":0,"template":"","meta":{"_tribe_events_status":"","_tribe_events_status_reason":"","footnotes":""},"tags":[],"tribe_events_cat":[],"class_list":["post-944","tribe_events","type-tribe_events","status-publish","hentry"],"jetpack_sharing_enabled":true,"_links":{"self":[{"href":"http:\/\/grundschule-rothenstein.de\/index.php?rest_route=\/wp\/v2\/tribe_events\/944","targetHints":{"allow":["GET"]}}],"collection":[{"href":"http:\/\/grundschule-rothenstein.de\/index.php?rest_route=\/wp\/v2\/tribe_events"}],"about":[{"href":"http:\/\/grundschule-rothenstein.de\/index.php?rest_route=\/wp\/v2\/types\/tribe_events"}],"author":[{"embeddable":true,"href":"http:\/\/grundschule-rothenstein.de\/index.php?rest_route=\/wp\/v2\/users\/4"}],"version-history":[{"count":3,"href":"http:\/\/grundschule-rothenstein.de\/index.php?rest_route=\/wp\/v2\/tribe_events\/944\/revisions"}],"predecessor-version":[{"id":952,"href":"http:\/\/grundschule-rothenstein.de\/index.php?rest_route=\/wp\/v2\/tribe_events\/944\/revisions\/952"}],"wp:attachment":[{"href":"http:\/\/grundschule-rothenstein.de\/index.php?rest_route=%2Fwp%2Fv2%2Fmedia&parent=944"}],"wp:term":[{"taxonomy":"post_tag","embeddable":true,"href":"http:\/\/grundschule-rothenstein.de\/index.php?rest_route=%2Fwp%2Fv2%2Ftags&post=944"},{"taxonomy":"tribe_events_cat","embeddable":true,"href":"http:\/\/grundschule-rothenstein.de\/index.php?rest_route=%2Fwp%2Fv2%2Ftribe_events_cat&post=944"}],"curies":[{"name":"wp","href":"https:\/\/api.w.org\/{rel}","templated":true}]}}

Schnupperstunde für die Kinder der Kindergärten Rothenstein und  Großpürschütz

<p>Sollte Ihr Kind keinen der  Kindergärten in Rothenstein, Großpüschitz oder Altendorf besuchen, kann es gern<br />
zu einem der beiden Termine dazu kommen. Melden Sie sich in diesem Fall einfach<br />
vorher per Mail bei uns.</p>

<p>Sollte Ihr Kind keinen der  Kindergärten in Rothenstein, Großpüschitz oder Altendorf besuchen, kann es gern zu einem der beiden Termine dazu kommen. Melden Sie sich in diesem Fall einfach vorher [&hellip;]</p>
