{"id":946,"date":"2023-03-24T05:16:43","date_gmt":"2023-03-24T04:16:43","guid":{"rendered":"http:\/\/grundschule-rothenstein.de\/?post_type=tribe_events&#038;p=946"},"modified":"2023-03-24T05:22:31","modified_gmt":"2023-03-24T04:22:31","slug":"schnupperstunde-fuer-die-kinder-des-kindergarten-altendorf","status":"publish","type":"tribe_events","link":"http:\/\/grundschule-rothenstein.de\/?tribe_events=schnupperstunde-fuer-die-kinder-des-kindergarten-altendorf","title":{"rendered":"Schnupperstunde f\u00fcr die Kinder des  Kindergarten Altendorf"},"content":{"rendered":"<p>Sollte ISollte Ihr Kind keinen der Kinderg\u00e4rten in Rothenstein, Gro\u00dfp\u00fcschitz oder Altendorf besuchen, kann es gern<br \/>\nzu einem der beiden Termine dazu kommen. Melden Sie sich in diesem Fall einfach<br \/>\nvorher per Mail bei uns.<\/p>\n","protected":false},"excerpt":{"rendered":"<p>Sollte ISollte Ihr Kind keinen der Kinderg\u00e4rten in Rothenstein, Gro\u00dfp\u00fcschitz oder Altendorf besuchen, kann es gern zu einem der beiden Termine dazu kommen. Melden Sie sich in diesem Fall einfach [&hellip;]<\/p>\n","protected":false},"author":4,"featured_media":0,"template":"","meta":{"_tribe_events_status":"","_tribe_events_status_reason":"","footnotes":""},"tags":[],"tribe_events_cat":[],"class_list":["post-946","tribe_events","type-tribe_events","status-publish","hentry"],"jetpack_sharing_enabled":true,"_links":{"self":[{"href":"http:\/\/grundschule-rothenstein.de\/index.php?rest_route=\/wp\/v2\/tribe_events\/946","targetHints":{"allow":["GET"]}}],"collection":[{"href":"http:\/\/grundschule-rothenstein.de\/index.php?rest_route=\/wp\/v2\/tribe_events"}],"about":[{"href":"http:\/\/grundschule-rothenstein.de\/index.php?rest_route=\/wp\/v2\/types\/tribe_events"}],"author":[{"embeddable":true,"href":"http:\/\/grundschule-rothenstein.de\/index.php?rest_route=\/wp\/v2\/users\/4"}],"version-history":[{"count":3,"href":"http:\/\/grundschule-rothenstein.de\/index.php?rest_route=\/wp\/v2\/tribe_events\/946\/revisions"}],"predecessor-version":[{"id":953,"href":"http:\/\/grundschule-rothenstein.de\/index.php?rest_route=\/wp\/v2\/tribe_events\/946\/revisions\/953"}],"wp:attachment":[{"href":"http:\/\/grundschule-rothenstein.de\/index.php?rest_route=%2Fwp%2Fv2%2Fmedia&parent=946"}],"wp:term":[{"taxonomy":"post_tag","embeddable":true,"href":"http:\/\/grundschule-rothenstein.de\/index.php?rest_route=%2Fwp%2Fv2%2Ftags&post=946"},{"taxonomy":"tribe_events_cat","embeddable":true,"href":"http:\/\/grundschule-rothenstein.de\/index.php?rest_route=%2Fwp%2Fv2%2Ftribe_events_cat&post=946"}],"curies":[{"name":"wp","href":"https:\/\/api.w.org\/{rel}","templated":true}]}}

Schnupperstunde für die Kinder des  Kindergarten Altendorf

<p>Sollte ISollte Ihr Kind keinen der Kindergärten in Rothenstein, Großpüschitz oder Altendorf besuchen, kann es gern<br />
zu einem der beiden Termine dazu kommen. Melden Sie sich in diesem Fall einfach<br />
vorher per Mail bei uns.</p>

<p>Sollte ISollte Ihr Kind keinen der Kindergärten in Rothenstein, Großpüschitz oder Altendorf besuchen, kann es gern zu einem der beiden Termine dazu kommen. Melden Sie sich in diesem Fall einfach [&hellip;]</p>
