{"id":647,"date":"2022-11-12T09:48:53","date_gmt":"2022-11-12T08:48:53","guid":{"rendered":"http:\/\/grundschule-rothenstein.de\/?page_id=647"},"modified":"2025-12-10T21:41:29","modified_gmt":"2025-12-10T20:41:29","slug":"aussenanlagen-lernumgebungen","status":"publish","type":"page","link":"https:\/\/grundschule-rothenstein.de\/?page_id=647","title":{"rendered":"Au\u00dfenanlagen &#8211; Lernumgebungen"},"content":{"rendered":"\n<h2 class=\"wp-block-heading\">Schulgarten<\/h2>\n\n\n\n<p>Unser <strong>Schulgarten<\/strong> bietet vielf\u00e4ltige Lernm\u00f6glichkeiten: Die verschiedenen Aufgaben im Garten f\u00f6rdern neben g\u00e4rtnerischen, handwerklichen und hauswirtschaftlichen F\u00e4higkeiten auch soziale Kompetenzen wie Selbstst\u00e4ndigkeit, Teamf\u00e4higkeit und Verantwortungsbewusstsein.<\/p>\n\n\n\n<figure class=\"wp-block-gallery has-nested-images columns-default is-cropped wp-block-gallery-1 is-layout-flex wp-block-gallery-is-layout-flex\">\n<figure class=\"wp-block-image size-large\"><img loading=\"lazy\" decoding=\"async\" width=\"1024\" height=\"768\" data-id=\"663\" src=\"http:\/\/grundschule-rothenstein.de\/wp-content\/uploads\/2022\/11\/BildSchule-23-1024x768.jpg\" alt=\"\" class=\"wp-image-663\" srcset=\"https:\/\/grundschule-rothenstein.de\/wp-content\/uploads\/2022\/11\/BildSchule-23-1024x768.jpg 1024w, https:\/\/grundschule-rothenstein.de\/wp-content\/uploads\/2022\/11\/BildSchule-23-300x225.jpg 300w, https:\/\/grundschule-rothenstein.de\/wp-content\/uploads\/2022\/11\/BildSchule-23-768x576.jpg 768w, https:\/\/grundschule-rothenstein.de\/wp-content\/uploads\/2022\/11\/BildSchule-23-1536x1152.jpg 1536w, https:\/\/grundschule-rothenstein.de\/wp-content\/uploads\/2022\/11\/BildSchule-23-2048x1536.jpg 2048w\" sizes=\"auto, (max-width: 1024px) 100vw, 1024px\" \/><\/figure>\n\n\n\n<figure class=\"wp-block-image size-large\"><img loading=\"lazy\" decoding=\"async\" width=\"1024\" height=\"768\" data-id=\"662\" src=\"http:\/\/grundschule-rothenstein.de\/wp-content\/uploads\/2022\/11\/BildSchule-25-1024x768.jpg\" alt=\"\" class=\"wp-image-662\" srcset=\"https:\/\/grundschule-rothenstein.de\/wp-content\/uploads\/2022\/11\/BildSchule-25-1024x768.jpg 1024w, https:\/\/grundschule-rothenstein.de\/wp-content\/uploads\/2022\/11\/BildSchule-25-300x225.jpg 300w, https:\/\/grundschule-rothenstein.de\/wp-content\/uploads\/2022\/11\/BildSchule-25-768x576.jpg 768w, https:\/\/grundschule-rothenstein.de\/wp-content\/uploads\/2022\/11\/BildSchule-25-1536x1152.jpg 1536w, https:\/\/grundschule-rothenstein.de\/wp-content\/uploads\/2022\/11\/BildSchule-25-2048x1536.jpg 2048w\" sizes=\"auto, (max-width: 1024px) 100vw, 1024px\" \/><\/figure>\n\n\n\n<figure class=\"wp-block-image size-large\"><img loading=\"lazy\" decoding=\"async\" width=\"1024\" height=\"768\" data-id=\"661\" src=\"http:\/\/grundschule-rothenstein.de\/wp-content\/uploads\/2022\/11\/BildSchule-20-1024x768.jpg\" alt=\"\" class=\"wp-image-661\" srcset=\"https:\/\/grundschule-rothenstein.de\/wp-content\/uploads\/2022\/11\/BildSchule-20-1024x768.jpg 1024w, https:\/\/grundschule-rothenstein.de\/wp-content\/uploads\/2022\/11\/BildSchule-20-300x225.jpg 300w, https:\/\/grundschule-rothenstein.de\/wp-content\/uploads\/2022\/11\/BildSchule-20-768x576.jpg 768w, https:\/\/grundschule-rothenstein.de\/wp-content\/uploads\/2022\/11\/BildSchule-20-1536x1152.jpg 1536w, https:\/\/grundschule-rothenstein.de\/wp-content\/uploads\/2022\/11\/BildSchule-20-2048x1536.jpg 2048w\" sizes=\"auto, (max-width: 1024px) 100vw, 1024px\" \/><\/figure>\n\n\n\n<figure class=\"wp-block-image size-large\"><img loading=\"lazy\" decoding=\"async\" width=\"768\" height=\"1024\" data-id=\"660\" src=\"http:\/\/grundschule-rothenstein.de\/wp-content\/uploads\/2022\/11\/BildSchule-21-768x1024.jpg\" alt=\"\" class=\"wp-image-660\" srcset=\"https:\/\/grundschule-rothenstein.de\/wp-content\/uploads\/2022\/11\/BildSchule-21-768x1024.jpg 768w, https:\/\/grundschule-rothenstein.de\/wp-content\/uploads\/2022\/11\/BildSchule-21-225x300.jpg 225w, https:\/\/grundschule-rothenstein.de\/wp-content\/uploads\/2022\/11\/BildSchule-21-1152x1536.jpg 1152w, https:\/\/grundschule-rothenstein.de\/wp-content\/uploads\/2022\/11\/BildSchule-21-1536x2048.jpg 1536w, https:\/\/grundschule-rothenstein.de\/wp-content\/uploads\/2022\/11\/BildSchule-21-scaled.jpg 1920w\" sizes=\"auto, (max-width: 768px) 100vw, 768px\" \/><\/figure>\n<\/figure>\n\n\n\n<div style=\"height:50px\" aria-hidden=\"true\" class=\"wp-block-spacer\"><\/div>\n\n\n\n<h2 class=\"wp-block-heading\">Verkehrsgarten<\/h2>\n\n\n\n<p>Im Verkehrsgarten lernen alle Kinder das sichere Bewegen mit dem Fahrrad im Stra\u00dfenverkehr. Mit der freundlichen Unterst\u00fctzung der Verkehrswacht Th\u00fcringen absolvieren die Sch\u00fcler die \u00dcbungen f\u00fcr den Fahrradpass.<\/p>\n\n\n\n<figure class=\"wp-block-gallery has-nested-images columns-default is-cropped wp-block-gallery-2 is-layout-flex wp-block-gallery-is-layout-flex\">\n<figure class=\"wp-block-image size-large\"><img loading=\"lazy\" decoding=\"async\" width=\"768\" height=\"1024\" data-id=\"670\" src=\"http:\/\/grundschule-rothenstein.de\/wp-content\/uploads\/2022\/11\/BildSchule-9-768x1024.jpg\" alt=\"\" class=\"wp-image-670\" srcset=\"https:\/\/grundschule-rothenstein.de\/wp-content\/uploads\/2022\/11\/BildSchule-9-768x1024.jpg 768w, https:\/\/grundschule-rothenstein.de\/wp-content\/uploads\/2022\/11\/BildSchule-9-225x300.jpg 225w, https:\/\/grundschule-rothenstein.de\/wp-content\/uploads\/2022\/11\/BildSchule-9-1152x1536.jpg 1152w, https:\/\/grundschule-rothenstein.de\/wp-content\/uploads\/2022\/11\/BildSchule-9-1536x2048.jpg 1536w, https:\/\/grundschule-rothenstein.de\/wp-content\/uploads\/2022\/11\/BildSchule-9-scaled.jpg 1920w\" sizes=\"auto, (max-width: 768px) 100vw, 768px\" \/><\/figure>\n\n\n\n<figure class=\"wp-block-image size-large\"><img loading=\"lazy\" decoding=\"async\" width=\"768\" height=\"1024\" data-id=\"669\" src=\"http:\/\/grundschule-rothenstein.de\/wp-content\/uploads\/2022\/11\/BildSchule-7-768x1024.jpg\" alt=\"\" class=\"wp-image-669\" srcset=\"https:\/\/grundschule-rothenstein.de\/wp-content\/uploads\/2022\/11\/BildSchule-7-768x1024.jpg 768w, https:\/\/grundschule-rothenstein.de\/wp-content\/uploads\/2022\/11\/BildSchule-7-225x300.jpg 225w, https:\/\/grundschule-rothenstein.de\/wp-content\/uploads\/2022\/11\/BildSchule-7-1152x1536.jpg 1152w, https:\/\/grundschule-rothenstein.de\/wp-content\/uploads\/2022\/11\/BildSchule-7-1536x2048.jpg 1536w, https:\/\/grundschule-rothenstein.de\/wp-content\/uploads\/2022\/11\/BildSchule-7-scaled.jpg 1920w\" sizes=\"auto, (max-width: 768px) 100vw, 768px\" \/><\/figure>\n\n\n\n<figure class=\"wp-block-image size-large\"><img loading=\"lazy\" decoding=\"async\" width=\"1024\" height=\"768\" data-id=\"668\" src=\"http:\/\/grundschule-rothenstein.de\/wp-content\/uploads\/2022\/11\/BildSchule-6-1024x768.jpg\" alt=\"\" class=\"wp-image-668\" srcset=\"https:\/\/grundschule-rothenstein.de\/wp-content\/uploads\/2022\/11\/BildSchule-6-1024x768.jpg 1024w, https:\/\/grundschule-rothenstein.de\/wp-content\/uploads\/2022\/11\/BildSchule-6-300x225.jpg 300w, https:\/\/grundschule-rothenstein.de\/wp-content\/uploads\/2022\/11\/BildSchule-6-768x576.jpg 768w, https:\/\/grundschule-rothenstein.de\/wp-content\/uploads\/2022\/11\/BildSchule-6-1536x1152.jpg 1536w, https:\/\/grundschule-rothenstein.de\/wp-content\/uploads\/2022\/11\/BildSchule-6-2048x1536.jpg 2048w\" sizes=\"auto, (max-width: 1024px) 100vw, 1024px\" \/><\/figure>\n\n\n\n<figure class=\"wp-block-image size-large\"><img loading=\"lazy\" decoding=\"async\" width=\"1024\" height=\"768\" data-id=\"666\" src=\"http:\/\/grundschule-rothenstein.de\/wp-content\/uploads\/2022\/11\/BildSchule-3-1024x768.jpg\" alt=\"\" class=\"wp-image-666\" srcset=\"https:\/\/grundschule-rothenstein.de\/wp-content\/uploads\/2022\/11\/BildSchule-3-1024x768.jpg 1024w, https:\/\/grundschule-rothenstein.de\/wp-content\/uploads\/2022\/11\/BildSchule-3-300x225.jpg 300w, https:\/\/grundschule-rothenstein.de\/wp-content\/uploads\/2022\/11\/BildSchule-3-768x576.jpg 768w, https:\/\/grundschule-rothenstein.de\/wp-content\/uploads\/2022\/11\/BildSchule-3-1536x1152.jpg 1536w, https:\/\/grundschule-rothenstein.de\/wp-content\/uploads\/2022\/11\/BildSchule-3-2048x1536.jpg 2048w\" sizes=\"auto, (max-width: 1024px) 100vw, 1024px\" \/><\/figure>\n\n\n\n<figure class=\"wp-block-image size-large\"><img loading=\"lazy\" decoding=\"async\" width=\"1024\" height=\"768\" data-id=\"667\" src=\"http:\/\/grundschule-rothenstein.de\/wp-content\/uploads\/2022\/11\/BildSchule-2-1024x768.jpg\" alt=\"\" class=\"wp-image-667\" srcset=\"https:\/\/grundschule-rothenstein.de\/wp-content\/uploads\/2022\/11\/BildSchule-2-1024x768.jpg 1024w, https:\/\/grundschule-rothenstein.de\/wp-content\/uploads\/2022\/11\/BildSchule-2-300x225.jpg 300w, https:\/\/grundschule-rothenstein.de\/wp-content\/uploads\/2022\/11\/BildSchule-2-768x576.jpg 768w, https:\/\/grundschule-rothenstein.de\/wp-content\/uploads\/2022\/11\/BildSchule-2-1536x1152.jpg 1536w, https:\/\/grundschule-rothenstein.de\/wp-content\/uploads\/2022\/11\/BildSchule-2-2048x1536.jpg 2048w\" sizes=\"auto, (max-width: 1024px) 100vw, 1024px\" \/><\/figure>\n<\/figure>\n","protected":false},"excerpt":{"rendered":"<p>Schulgarten Unser Schulgarten bietet vielf\u00e4ltige Lernm\u00f6glichkeiten: Die verschiedenen Aufgaben im Garten f\u00f6rdern neben g\u00e4rtnerischen, handwerklichen und hauswirtschaftlichen F\u00e4higkeiten auch soziale Kompetenzen wie Selbstst\u00e4ndigkeit, Teamf\u00e4higkeit und Verantwortungsbewusstsein. Verkehrsgarten Im Verkehrsgarten lernen [&hellip;]<\/p>\n","protected":false},"author":4,"featured_media":0,"parent":0,"menu_order":0,"comment_status":"closed","ping_status":"closed","template":"","meta":{"footnotes":""},"class_list":["post-647","page","type-page","status-publish","hentry"],"jetpack_sharing_enabled":true,"_links":{"self":[{"href":"https:\/\/grundschule-rothenstein.de\/index.php?rest_route=\/wp\/v2\/pages\/647","targetHints":{"allow":["GET"]}}],"collection":[{"href":"https:\/\/grundschule-rothenstein.de\/index.php?rest_route=\/wp\/v2\/pages"}],"about":[{"href":"https:\/\/grundschule-rothenstein.de\/index.php?rest_route=\/wp\/v2\/types\/page"}],"author":[{"embeddable":true,"href":"https:\/\/grundschule-rothenstein.de\/index.php?rest_route=\/wp\/v2\/users\/4"}],"replies":[{"embeddable":true,"href":"https:\/\/grundschule-rothenstein.de\/index.php?rest_route=%2Fwp%2Fv2%2Fcomments&post=647"}],"version-history":[{"count":9,"href":"https:\/\/grundschule-rothenstein.de\/index.php?rest_route=\/wp\/v2\/pages\/647\/revisions"}],"predecessor-version":[{"id":1325,"href":"https:\/\/grundschule-rothenstein.de\/index.php?rest_route=\/wp\/v2\/pages\/647\/revisions\/1325"}],"wp:attachment":[{"href":"https:\/\/grundschule-rothenstein.de\/index.php?rest_route=%2Fwp%2Fv2%2Fmedia&parent=647"}],"curies":[{"name":"wp","href":"https:\/\/api.w.org\/{rel}","templated":true}]}}